t g = n + -11. Let d be 2/4 + 68/g. What is the highest common divisor of 99 and d?
9
Suppose -279 = -14*k + 99. Calculate the greatest common divisor of k and 9.
9
Suppose 5*w = -7 - 8. Let a be (-119)/w + 2/(-3). What is the greatest common factor of 13 and a?
13
Let r(d) = d**3 - 7*d**2 - 8*d - 3. Let n be r(8). Let t be n*((-12)/9 + 1). Let h = -15 + 23. Calculate the greatest common factor of h and t.
1
Suppose 2*t - 186 = -0*t - h, 3*h + 6 = 0. Suppose 4 - t = -5*c. Let w = -10 + c. What is the highest common divisor of w and 32?
8
Let f be -1 + (-2 - -18)/2. Let c = 91 + -49. Calculate the highest common factor of f and c.
7
Let f be ((-148)/(-10) - 1) + 3/15. Let h(u) = u**2 + 3*u - 3. Let q be h(-5). Calculate the highest common factor of f and q.
7
Suppose -7*b + 91 = -2*b + d, 2*b = -4*d + 40. Suppose b = r + 8. Let p be r*((-39)/(-5) - -3). What is the highest common divisor of 12 and p?
12
Suppose -3*w - 3*o + 90 = -105, 324 = 5*w + 4*o. Let f(k) = 4*k + k - 2 + 2*k - k**2. Let t be f(5). What is the greatest common factor of w and t?
8
Let p(l) = l**3 + l**2 - l - 3. Let q be p(0). Let c be 1*0/(1*q). Suppose c = -a - a + 140. What is the greatest common divisor of 10 and a?
10
Let m(a) = a**2 + 2*a + 2. Let d be m(-4). Calculate the greatest common divisor of d and 15.
5
Suppose 6*a - 2 = 4*a. Suppose 29 = 2*r + a. What is the highest common factor of r and 14?
14
Suppose 2*q - 1 = 9. Suppose q*p - 8 = 7. Suppose 0 = -0*b + p*b - 15. Calculate the greatest common divisor of b and 35.
5
Let x(c) = -c**3 + 7*c**2 - 7*c + 2. Let n = -4 - -9. Let o be x(n). Calculate the greatest common divisor of o and 51.
17
Let l be -1*16*(4 - 7). Calculate the greatest common factor of l and 6.
6
Suppose -3*q + 4*v + 0*v = -100, 55 = 2*q - 5*v. Suppose -3*j = j - q. Suppose 21 - 25 = -n. Calculate the greatest common divisor of n and j.
2
Suppose -4*y = 4*g - g - 274, -177 = -2*g + 3*y. What is the greatest common divisor of g and 10?
10
Let q(j) = -17*j + 1. Let r be q(-1). Suppose -8*m + 0*m = -360. Calculate the greatest common divisor of r and m.
9
Suppose -3*a + 16 = 2*z, 3*z - 5*a + 20 = 5*z. Suppose -3*b - z = -2. Let c = 11 + b. Calculate the highest common factor of c and 4.
2
Suppose -3*y = 4*t + 80 + 421, -y - 3 = 0. Let h = -51 - t. Let d = 189 + -180. What is the highest common divisor of h and d?
9
Suppose 4*z - 2 = 3*z. Suppose -z*c = 14 - 42. Calculate the highest common divisor of c and 70.
14
Suppose -4*n = n - 25. Suppose -5*r - b = -11, -r - 14 = r + n*b. Let u be 48 + 3/r*2. What is the greatest common factor of u and 10?
10
Suppose 0 = -n - 3*n + 8. What is the greatest common factor of n and 22?
2
Let u(j) = -j**3 - 3*j**2 + 6*j + 6. Let z be u(-4). Let d be (-26)/z - (0 - 1). Calculate the greatest common factor of 35 and d.
7
Let m(z) = 11*z**3 - z**2 + 3*z - 2. Let p = -1 - -3. Let x be m(p). What is the greatest common divisor of x and 22?
22
Let g(j) = -j**2 - 3*j + 25. Let z be g(-6). Suppose -2*x - 28 = -4*k, 2*x + 7 = k + 7*x. Calculate the greatest common divisor of k and z.
7
Let f = 93 + -91. Calculate the greatest common divisor of 1 and f.
1
Let p = -1 - -5. Suppose -t + 5*z = -90, 5*z + 167 + 238 = p*t. What is the greatest common factor of 21 and t?
21
Let b be (-4)/6 - 266/(-21). What is the greatest common factor of 30 and b?
6
Let a = 635 - 315. Calculate the greatest common divisor of 40 and a.
40
Suppose 0 = 4*z - 3*u + 29, 3*z - z + u = -7. Let q(i) = -2*i - 7. Let s be q(z). Let c be 3/2*22/33. What is the greatest common divisor of s and c?
1
Let f(g) = -g + 7. Let j be f(-3). Calculate the highest common factor of j and 50.
10
Suppose r + 17 = 3*s - 4*r, s - 6 = 2*r. Suppose -5*p - 71 = -s*c + 8, 1 = c + 5*p. What is the highest common factor of 4 and c?
4
Let c = 92 + -89. What is the greatest common factor of 51 and c?
3
Let u be 597/21 + 21/(-49). Calculate the greatest common divisor of u and 70.
14
Let v be (-3)/1 + 3 - -8. Suppose -3*p + 282 = 18. Calculate the highest common factor of v and p.
8
Let x be ((-6)/15)/((-2)/60). Let m = -79 + -40. Let o be m/(-5) - (-1)/5. What is the highest common divisor of x and o?
12
Let k(p) = p - 10. Let h be k(8). Let y(s) = 3*s**2 + 3*s + 3. Let o be y(h). Let q = 130 + -58. What is the greatest common factor of q and o?
9
Suppose 0 + 6 = a. Let x be a/(-2) + 2*3. Calculate the greatest common factor of x and 27.
3
Let g(b) = -45*b - 5. Let d(x) = 0*x + 2 - 1 - x + 0*x. Let z(c) = -4*d(c) - g(c). Let w be z(2). Calculate the greatest common divisor of 11 and w.
11
Let r be (-4)/14 + 2490/42. What is the highest common divisor of 531 and r?
59
Let m = -7 + 16. Suppose -3*p + 6 = -6. Let j be 12*-2*(-6)/p. What is the greatest common divisor of j and m?
9
Let a(w) = -w**3 - w**2 + 45. Let y be a(0). Let z be ((-3)/(-9))/(1/15). Calculate the highest common factor of y and z.
5
Let s(o) = 4*o + 1. Let m be s(4). Let a be (-7)/(35/6)*5. Let j be 4/a - 159/(-9). What is the highest common divisor of j and m?
17
Suppose -z - 83 = 113. Let k be 3/5 + z/10. Let w be (0 - k)*(-1 + 2). Calculate the greatest common divisor of w and 171.
19
Let w be 1/(-1)*-11 - -3. What is the highest common factor of 70 and w?
14
Suppose 0 = 4*d + 5*f - 654, -227 = -d + 4*f - 74. What is the greatest common divisor of d and 23?
23
Let l = -11 - -17. Suppose 10*n = l*n + 80. What is the highest common divisor of n and 10?
10
Suppose 0 = -2*x + 6*x. Suppose -3*b = -x*v - v - 165, v = 0. Calculate the greatest common factor of 22 and b.
11
Suppose 171 = 10*z - 249. Calculate the greatest common factor of z and 14.
14
Let d = 60 - 30. Calculate the greatest common factor of d and 12.
6
Suppose -3*k + 6 + 6 = 0. Let o be 6 + -7 + k + -2. Calculate the greatest common divisor of o and 11.
1
Let x(u) = -u + 11. Let i = 8 - 0. Let s be x(i). Let b(r) = -r**2 + 3*r + 5. Let n be b(4). What is the greatest common divisor of s and n?
1
Suppose -2*c - 2*j - 5 = 7, c + 5*j + 14 = 0. Let k = 7 + c. Calculate the greatest common divisor of k and 30.
3
Let v(c) = -c**2 + 7*c - 4. Let s be v(6). Let k be 1448/22 - s/(-11). What is the greatest common factor of k and 6?
6
Let r(t) = t**2 + 7*t - 24. Let q be r(-11). What is the highest common divisor of q and 5?
5
Let b = -7 - -11. Let a be 268/b - 2/(-2). Suppose -5*g = -4*r - 85, 4*r + 100 = 4*g + 32. What is the greatest common factor of a and g?
17
Let k = 220 + -127. Let p = -48 + k. Calculate the highest common factor of 5 and p.
5
Let z be -1*(-50)/((-4)/(-2)). Let b(u) = u**3 - 7*u**2 + 6*u + 10. Let q be b(6). What is the greatest common divisor of z and q?
5
Suppose -6*u + 20 = -u + 3*d, -5*u + 2*d = 5. Let w = u - -3. What is the greatest common divisor of 2 and w?
2
Let a be 35/3 - (-2)/(-3). Let r be (-1)/1 - (-54 - 2). What is the greatest common factor of a and r?
11
Let c = -11 + 12. Calculate the greatest common divisor of 9 and c.
1
Let k = 9 - 4. Suppose k*b + 2 = -x, -5*b + 18 + 4 = 4*x. Let g = -4 + x. Calculate the greatest common factor of g and 12.
4
Suppose -5*i + 39 + 16 = 0. Calculate the greatest common factor of 99 and i.
11
Suppose -4*o + 8*o = 80. Let k be 15/10 + 7 - (-2)/(-4). Let u = o - k. Calculate the greatest common factor of 96 and u.
12
Suppose 4*r + x - 375 = -2*x, -r + 84 = 4*x. What is the highest common factor of r and 24?
24
Let k = -12 - -23. Suppose 4*s = -3*f + 364, -5*s + 370 + 90 = 5*f. What is the highest common divisor of s and k?
11
Suppose -5*w = -5*v + 2*v + 20, 2*v + w = 22. Let k(a) = -8*a - 50. Let m be k(-20). Calculate the greatest common factor of v and m.
10
Let n = -6 - -7. Let c be n/3 - 396/(-27). Calculate the highest common factor of 105 and c.
15
Let v be (-9)/6 + 75/2. Calculate the greatest common factor of v and 12.
12
Suppose 5*d + 77 = 6*d. Calculate the greatest common divisor of 7 and d.
7
Let o(x) = 13*x - 52. Let i be o(6). What is the highest common divisor of 104 and i?
26
Suppose v - 6*v = 3*r - 12, 2*v + r = 5. Let z(u) = -2*u**2 - 17*u + 1. Let p be z(-8). What is the greatest common factor of v and p?
3
Let j(o) = 6*o. Let p(v) = 6*v. Let w(m) = 5*j(m) - 4*p(m). Let k be w(5). Let a be ((-36)/(-15))/(4/k). What is the highest common divisor of a and 18?
18
Supp